.
-111
Convert 62 (base 11) to base 14.
4c
Convert 2 (base 9) to base 16.
2
What is 11111 (base 2) in base 6?
51
What is -172 (base 9) in base 5?
-1041
2 (base 14) to base 16
2
Convert -8 (base 10) to base 6.
-12
-5 (base 12) to base 2
-101
-3 (base 11) to base 2
-11
Convert 22 (base 11) to base 16.
18
-1 (base 14) to base 4
-1
Convert 10 (base 2) to base 7.
2
28 (base 10) to base 12
24
What is 1110 (base 3) in base 11?
36
What is -3 (base 10) in base 9?
-3
What is -2 (base 13) in base 8?
-2
What is -1 (base 3) in base 5?
-1
Convert 15 (base 16) to base 8.
25
What is 41 (base 10) in base 4?
221
Convert 1 (base 12) to base 5.
1
What is 4 (base 5) in base 4?
10
What is 2213 (base 4) in base 5?
1132
What is 1000111 (base 2) in base 5?
241
15 (base 8) to base 15
d
What is -5 (base 16) in base 8?
-5
What is 32 (base 8) in base 9?
28
Convert 5 (base 12) to base 13.
5
-111 (base 2) to base 11
-7
-1 (base 6) to base 10
-1
Convert 4 (base 9) to base 6.
4
What is -21 (base 5) in base 14?
-b
Convert 12 (base 16) to base 13.
15
Convert 6 (base 10) to base 6.
10
Convert 5 (base 15) to base 8.
5
What is 132 (base 7) in base 6?
200
16 (base 12) to base 9
20
What is 1 (base 15) in base 4?
1
-2 (base 12) to base 13
-2
What is -2 (base 10) in base 6?
-2
-21 (base 3) to base 4
-13
-2020 (base 3) to base 10
-60
What is -3 (base 10) in base 6?
-3
Convert 101001 (base 2) to base 11.
38
What is -a (base 12) in base 15?
-a
What is -1432 (base 5) in base 9?
-288
What is -11 (base 7) in base 15?
-8
What is 20 (base 3) in base 4?
12
What is 4a (base 12) in base 15?
3d
What is -111101 (base 2) in base 11?
-56
21 (base 13) to base 16
1b
-19 (base 14) to base 13
-1a
What is 11 (base 9) in base 10?
10
4 (base 10) to base 8
4
What is -2 (base 9) in base 12?
-2
What is -1010 (base 3) in base 8?
-36
What is 2 (base 10) in base 3?
2
What is -20 (base 12) in base 6?
-40
What is -2 (base 14) in base 5?
-2
What is 2 (base 15) in base 10?
2
Convert 1 (base 5) to base 3.
1
What is 4 (base 6) in base 8?
4
Convert 4 (base 12) to base 14.
4
Convert 341 (base 8) to base 5.
1400
What is 78 (base 9) in base 14?
51
-1a (base 16) to base 7
-35
Convert 2 (base 4) to base 2.
10
What is -1000110 (base 2) in base 4?
-1012
What is 6b (base 13) in base 11?
81
What is 125 (base 7) in base 10?
68
What is -157 (base 10) in base 7?
-313
What is 123 (base 7) in base 15?
46
Convert a (base 15) to base 3.
101
Convert -2 (base 5) to base 9.
-2
What is -4 (base 7) in base 6?
-4
What is -3 (base 10) in base 11?
-3
-100 (base 2) to base 11
-4
What is 10 (base 4) in base 15?
4
-74 (base 8) to base 10
-60
Convert -110 (base 2) to base 5.
-11
3 (base 6) to base 15
3
Convert -c (base 16) to base 12.
-10
Convert 2 (base 13) to base 14.
2
Convert 20110 (base 3) to base 16.
ae
What is 302 (base 4) in base 15?
35
Convert 120 (base 3) to base 15.
10
Convert -1 (base 16) to base 10.
-1
Convert 6 (base 15) to base 4.
12
Convert -23 (base 11) to base 3.
-221
-2 (base 9) to base 13
-2
What is 0 (base 7) in base 11?
0
What is -27 (base 11) in base 10?
-29
What is -1 (base 6) in base 7?
-1
What is 23 (base 13) in base 14?
21
Convert 46 (base 11) to base 5.
200
What is 5 (base 6) in base 3?
12
Convert 87 (base 13) to base 15.
76
Convert 53 (base 8) to base 16.
2b
-10 (base 5) to base 16
-5
Convert 13 (base 4) to base 7.
10
What is -2 (base 11) in base 5?
-2
-58 (base 9) to base 12
-45
Convert 5 (base 10) to base 3.
12
-344 (base 6) to base 5
-1021
Convert -1110 (base 5) to base 13.
-bc
11111110 (base 2) to base 13
167
-2 (base 12) to base 13
-2
What is 0 (base 8) in base 5?
0
What is -4 (base 9) in base 13?
-4
411 (base 6) to base 9
177
What is -113 (base 10) in base 2?
-1110001
-111 (base 9) to base 4
-1123
1200 (base 3) to base 13
36
What is 10020 (base 3) in base 10?
87
What is cf (base 16) in base 2?
11001111
What is 0 (base 9) in base 16?
0
61 (base 9) to base 13
43
1 (base 4) to base 11
1
-11 (base 6) to base 4
-13
What is 1 (base 14) in base 8?
1
What is -4 (base 15) in base 9?
-4
What is 2121 (base 4) in base 15?
a3
What is 10001 (base 2) in base 11?
16
Convert 2 (base 9) to base 14.
2
-1 (base 9) to base 11
-1
What is 172 (base 9) in base 4?
2102
Convert 1222 (base 3) to base 9.
58
Convert 16 (base 16) to base 4.
112
211 (base 3) to base 15
17
-11011111 (base 2) to base 12
-167
1104 (base 5) to base 3
12201
4 (base 10) to base 13
4
100 (base 2) to base 5
4
313 (base 4) to base 7
106
1 (base 10) to base 4
1
What is 2 (base 14) in base 10?
2
Convert -4 (base 11) to base 12.
-4
Convert -a (base 16) to base 7.
-13
Convert 144 (base 6) to base 11.
59
-2 (base 11) to base 8
-2
What is -2 (base 10) in base 3?
-2
What is 2 (base 3) in base 14?
2
What is -13 (base 5) in base 16?
-8
Convert 29 (base 11) to base 10.
31
Convert -123 (base 6) to base 9.
-56
Convert -2033 (base 4) to base 14.
-a3
What is 3 (base 7) in base 5?
3
What is 3 (base 9) in base 10?
3
What is -102 (base 4) in base 9?
-20
Convert 150 (base 6) to base 7.
123
-17 (base 13) to base 2
-10100
-7 (base 8) to base 9
-7
What is 12 (base 15) in base 12?
15
Convert 85 (base 10) to base 7.
151
-2 (base 4) to base 5
-2
Convert -174 (base 8) to base 2.
-1111100
Convert 0 (base 11) to base 8.
0
What is -310 (base 4) in base 15?
-37
Convert -10 (base 3) to base 15.
-3
Convert -1 (base 4) to base 7.
-1
What is 6 (base 16) in base 13?
6
-116 (base 8) to base 12
-66
What is -2 (base 6) in base 4?
-2
What is 2 (base 15) in base 10?
2
Convert -1 (base 10) to base 3.
-1
-2 (base 5) to base 8
-2
What is 4 (base 11) in base 16?
4
Convert 21 (base 4) to base 6.
13
Convert 7 (base 13) to base 8.
7
15 (base 7) to base 8
14
36 (base 7) to base 6
43
Convert 1 (base 2) to base 11.
1
101 (base 2) to base 9
5
Convert -11 (base 11) to base 4.
-30
-1 (base 5) to base 6
-1
Convert -20 (base 4) to base 15.
-8
-12 (base 14) to base 13
-13
8 (base 14) to base 2
1000
-1313 (base 4) to base 5
-434
Convert 0 (base 9) to base 6.
0
What is -2 (base 14) in base 2?
-10
Convert -1 (base 12) to base 6.
-1
5 (base 12) to base 8
5
What is -4 (base 6) in base 13?
-4
What is -7 (base 8) in base 6?
-11
1310 (base 4) to base 10
116
What is -4 (base 15) in base 7?
-4
Convert 3 (base 6) to base 7.
3
-104 (base 5) to base 10
-29
What is -20 (base 5) in base 13?
-a
Convert 6 (base 8) to base 16.
6
-6 (base 10) to base 15
-6
Convert 3 (base 15) to base 8.
3
-3 (base 7) to base 16
-3
2 (base 13) to base 6
2
Convert 1101 (base 2) to base 3.
111
-238 (base 10) to base 15
-10d
What is -9 (base 14) in base 5?
-14
-220 (base 6) to base 15
-59
Convert -121 (base 6) to base 5.
-144
What is -5 (base 7) in base 3?
-12
-68 (base 16) to base 5
-404
What is 2 (base 4) in base 13?
2
Convert 51 (base 7) to base 16.
24
1 (base 13) to base 8
1
What is -4a (base 14) in base 9?
-73
What is -1 (base 12) in base 11?
-1
Convert -440 (base 5) to base 3.
-11110
Convert -37 (base 14) to base 10.
-49
-13 (base 13) to base 4
-100
Convert -10 (base 15) to base 16.
-f
What is 39 (base 16) in base 13?
45
25 (base 7) to base 16
13
What is 0 (base 12) in base 6?
0
1b (base 14) to base 16
19
What is -115 (base 9) in base 3?
-10112
-12 (base 5) to base 13
-7
Convert 16 (base 7) to base 3.
111
Convert -101011 (base 2) to base 9.
-47
What is 11 (base 4) in base 12?
5
-b (base 15) to base 3
-102
Convert 162 (base 7) to base 5.
333
What is 60 (base 7) in base 13?
33
What is 22 (base 3) in base 11?
8
34 (base 7) to base 3
221
What is -1 (base 14) in base 2?
-1
What is -10 (base 2) in base 12?
-2
38 (base 15) to base 14
3b
-16 (base 10) to base 4
-100
Convert 1011 (base 2) to base 8.
13
What is 19 (base 15) in base 5?
44
Convert -46 (base 9) to base 8.
-52
Convert -9 (base 15) to base 8.
-11
Convert 9 (base 16) to base 10.
9
What is 12 (base 14) in base 6?
24
-2 (base 15) to base 9
-2
a (base 15) to base 5
20
What is -6 (base 7) in base 10?
-6
Convert 76 (base 15) to base 7.
216
-2 (base 14) to base 16
-2
-3 (base 15) to base 11
-3
-100 (base 6) to base 3
-1100
-1 (base 12) to base 3
-1
What is 2 (base 6) in base 9?
2
What is -101121 (base 3) in base 10?
-286
-113 (base 4) to base 7
-32
What is -7 (base 10) in base 16?
-7
What is -3 (base 7) in base 10?
-3
What is 44 (base 7) in base 3?
1012
200 (base 4) to base 16
20
Convert -9 (base 15) to b